et m = -3 + 5. Let t be y(m). Let g be 135/(-2)*((-68)/(-10) + -8). Calculate the greatest common divisor of t and g.
9
Suppose 3*o - 4*z = 117 + 142, 5*o + 3*z - 393 = 0. Calculate the highest common factor of 9 and o.
9
Suppose -3*s - 12 = -3*m, -s + 5*s = -5*m + 65. Calculate the highest common factor of m and 9.
9
Let c(s) = -11*s. Let y be c(-1). Suppose 5*w + 968 = 3*p + p, -2*w = -2*p + 484. Suppose -h - h = -p. What is the highest common divisor of y and h?
11
Let a be 24/(-10)*(-390)/9. Calculate the greatest common divisor of 13 and a.
13
Suppose -3*k = -7*k + 192. Suppose 0 = 4*w - 5*w + 15. Let n be ((-10)/w)/((-2)/18). What is the highest common divisor of n and k?
6
Suppose i + 47 = 127. Calculate the greatest common factor of i and 16.
16
Let t be (56/(-6))/(2/(-6)). Suppose 20 = 4*s - 36. Calculate the highest common divisor of t and s.
14
Suppose 5*m - 3*x = -5*x - 44, m - 2 = -4*x. Let g be -1 - (-5)/(m/(-4)). What is the highest common divisor of 5 and g?
1
Suppose 5*d - 79 - 41 = 0. What is the highest common divisor of 6 and d?
6
Let k(b) = b**3 + 2*b**2 - 11*b - 6. Let c be k(-4). What is the greatest common divisor of 18 and c?
6
Let t = -4 + 2. Let h = t - -11. Calculate the greatest common divisor of h and 63.
9
Let q be 0 + -1 + (-119)/(-7). Let r be (7 - -1)/((-1)/(-14)). What is the highest common factor of q and r?
16
Let o = 5 + 2. Calculate the greatest common divisor of 77 and o.
7
Let d(g) = g**3 + 5. Let z be d(0). Let t be 2*(-3)/((-6)/z). Let r = 19 + -14. What is the highest common divisor of r and t?
5
Let n(m) = -m - 1. Suppose 0*h - 3*h = 0. Suppose y + 0 + 3 = h. Let p be n(y). What is the greatest common factor of 2 and p?
2
Let s = 26 + -12. Calculate the highest common divisor of 7 and s.
7
Suppose 3*u + 3 = 4*b, -3*u + b - 3*b = -15. What is the greatest common factor of 3 and u?
3
Suppose -3*q - 12 = 0, 4*a = 4*q - 0*q + 232. Calculate the greatest common factor of 27 and a.
27
Suppose -10 - 24 = -2*i. What is the highest common factor of 51 and i?
17
Suppose 0 = -7*v - 8*v + 105. What is the highest common factor of 56 and v?
7
Let b(o) be the second derivative of o**3/2 - 15*o**2/2 - o. Let y be b(6). What is the greatest common factor of 27 and y?
3
Suppose -6*f - 56 = -212. What is the highest common factor of f and 78?
26
Let m be (1/(-3))/((-1)/195). Suppose i = -2, -7*i = -f - 2*i - 40. Let b be f/(-4) - 3/(-6). Calculate the greatest common divisor of m and b.
13
Let p(t) be the second derivative of -5*t**3/6 - 9*t**2/2 - 4*t. Let j be p(-7). Let s be (-1)/4 - 471/(-12). Calculate the greatest common factor of s and j.
13
Let j(h) = -4*h**3 + h**2 - h + 2. Let a be j(-2). Let b be (-3 - (a - -2))*-1. Calculate the highest common factor of 18 and b.
9
Let p = -28 - -40. Let f be 2/(-8)*3*4. Let h be -1 + 20 + f/3. What is the greatest common factor of p and h?
6
Suppose 17*f - 770 = 10*f. What is the highest common divisor of f and 10?
10
Let u(k) = 18*k. Let t be u(4). Let i = 49 + t. Suppose -x + 48 = 2*q + 2*q, -2*q + 26 = x. Calculate the greatest common factor of q and i.
11
Suppose 3*z + 2*j - 4 = 2*z, -5*z - 3*j + 13 = 0. Suppose 3*i + z*i - 50 = 0. What is the greatest common divisor of 4 and i?
2
Let t be ((-6)/(-8))/((-3)/(-24)). Suppose -15 = -t*l + l. Suppose l*z - 188 = -4*o, 5*z = 3*z + 2*o + 102. What is the greatest common divisor of 7 and z?
7
Suppose -2*p + 4*p = 4*a + 2, 4*p - 26 = -3*a. Let v = 37 - 44. Let z = a - v. What is the highest common factor of z and 1?
1
Let i(r) = -r**2 + 11*r + 4. Let u be i(8). Calculate the greatest common factor of 56 and u.
28
Let w be (105/(-28))/((-1)/8). Let d(z) = z**3 + 3. Let o be d(0). Suppose -o*g = -4*g + 6. Calculate the greatest common divisor of g and w.
6
Suppose -5*r + 3*r + 2 = 0. Suppose 0 = -5*w + 15 - 0. Suppose r = w*u - 2. Calculate the highest common divisor of u and 8.
1
Let v(i) = i**3 + 7*i**2 + 6*i + 3. Let h be v(-4). Calculate the highest common divisor of h and 9.
9
Suppose -21 = 9*g - 10*g. Calculate the greatest common divisor of 84 and g.
21
Let c(q) = 2*q + 19. Let i be c(-9). What is the greatest common divisor of i and 11?
1
Let l be 4/(-14) + (-12)/7. Let d(a) = -45*a - 2. Let y be d(l). What is the highest common divisor of 22 and y?
22
Suppose 2*o - 32 = -2*c, 2*c = -2*o + 7*c + 11. Suppose 0 = -4*i + 27 + o. Calculate the highest common factor of 2 and i.
2
Suppose -185 = -5*b - 0*d - 2*d, -5*b = 5*d - 170. Suppose 3*r - b = 33. Calculate the greatest common divisor of r and 36.
12
Let x be 66/((4/(-10))/(3/(-15))). Calculate the highest common factor of x and 264.
33
Let s be 1 - (-1*2)/2. Let k(h) = -h**2 - 17*h - 35. Let r be k(-14). Suppose r*p - 90 = s*p. What is the highest common factor of p and 162?
18
Suppose -9*x - 4*x + 286 = 0. Calculate the greatest common divisor of x and 242.
22
Suppose 2*a + 8 = 0, -2*a - 10 = 4*m - 5*m. Suppose m*p + 3*p = 100. What is the highest common divisor of 50 and p?
10
Suppose -7*h + 10*h = 39. Suppose 2*y = -l, -3*y - 28 = -l + 6*l. Let x(g) = -9*g - 7. Let s be x(l). Calculate the greatest common factor of h and s.
13
Suppose -5*j + 262 = 22. Suppose w - 6*w + 15 = 0. Suppose -w*a + 6*u - 4*u = -32, 26 = 2*a + u. Calculate the greatest common divisor of j and a.
12
Let r(a) = -a**3 + 18*a**2 - 14*a - 18. Let n be r(17). What is the highest common divisor of 132 and n?
33
Suppose 3*g + 28 = 7*g. Let f(x) = x**2 - 2*x - 2. Let w be f(3). What is the highest common factor of w and g?
1
Suppose 0 = t - 3*t + 6. Suppose t*r - 132 = r. What is the highest common factor of 6 and r?
6
Let m be (-1)/(-3 - -2) - -3. Suppose 3*u - 199 - 333 = -5*j, -m*j - 5*u + 436 = 0. Calculate the greatest common factor of j and 13.
13
Suppose 0 = 3*i - 172 + 22. What is the greatest common divisor of 20 and i?
10
Let a be 2/2 - 2/(-2). What is the highest common factor of 1 and a?
1
Let s be (-6)/21 - (-1032)/(-14). Let n = s - -162. Suppose -5*z - 43 = -3*r, 0*z + 2*z - 7 = -r. Calculate the greatest common factor of n and r.
11
Let t be (-8)/(-2)*(-22)/(-11). What is the highest common divisor of t and 64?
8
Let s be -4*9*(-4)/6. Calculate the greatest common factor of 36 and s.
12
Suppose m + 5 - 8 = 3*q, -4*q = 3*m + 43. Let r be (-101)/m - (-4)/(-18). What is the greatest common factor of r and 121?
11
Let h be -15*(-4)/12*2. Suppose 12 - 2 = m. What is the highest common divisor of m and h?
10
Suppose 80*m - 82*m = -8. What is the greatest common divisor of 28 and m?
4
Suppose -2*r = 10, -2*b - 59 = -4*b + 3*r. Suppose 4*z + 6 = b. Calculate the highest common factor of z and 10.
2
Let u(x) = 13*x**2 + 2*x + 1. Let y be u(-1). Suppose 3*j - 4*b = -20, -5*b = -13 - y. Let p = 4 + j. What is the highest common divisor of 12 and p?
4
Suppose 5*j + 26 = 7*j. Let q = j + 1. What is the highest common factor of q and 21?
7
Suppose 2*q - 6 = -0*q. Suppose -q*r = r - 384. Let w be (-4)/(-10) - 116/(-10). What is the highest common factor of w and r?
12
Let i = -10 + 12. Suppose -2*f + 4*w = i*f - 96, -f + 30 = 5*w. Calculate the greatest common divisor of f and 10.
5
Let c be (8 - -2)*(5 - 4). Suppose -3*i = -2*i - 10. Calculate the highest common factor of i and c.
10
Suppose 2*a + 130 = 4*l, 4*l + a - 127 = -0*a. Calculate the greatest common divisor of l and 16.
16
Suppose 4*o = -5*o + 243. What is the greatest common factor of o and 3?
3
Let b be (-1)/(-2) + 18/4. Let d be 8092/544 - (1 - (-9)/(-8)). What is the highest common factor of b and d?
5
Let n(g) = -g + 16. Let s be n(11). Calculate the greatest common divisor of 1 and s.
1
Let k(u) = u + 2. Let o be k(2). Let l be (-81)/(-6) - (-9)/(-6). Calculate the greatest common factor of o and l.
4
Let k(l) = -4*l - 6. Let y be k(-4). Suppose y = 2*s + 3*s. Suppose 3 = g + s*i, -g + 2*i = 3*g - 42. Calculate the greatest common divisor of g and 99.
9
Let x(k) = 2*k**2 + 11*k + 29. Let a be x(-4). What is the highest common factor of a and 1?
1
Let n = -53 + 123. Suppose -3*m + 38 = -n. Calculate the greatest common factor of m and 12.
12
Suppose 5*x = 3*n - 0*x - 23, -3*x + 47 = 2*n. Calculate the greatest common divisor of 80 and n.
16
Let t(i) = -2*i**2 + 2*i + 1. Let p be t(-2). Let y = 19 + p. Let c(o) = o**2 + 2*o - 3.